j**2 + j. What is q(3)?
-7
Let i(q) be the third derivative of -q**7/840 - q**6/72 + 7*q**5/120 + 5*q**4/24 - q**3/2 - 2*q**2. Let t(w) be the first derivative of i(w). What is t(-6)?
-1
Suppose -3*t + 3 = -3. Let j be -2 - ((-6)/(-3) - t). Let d = j - -5. Let s(x) = x**3 - 3*x**2 + 2*x - 3. What is s(d)?
3
Suppose 4*q - 5*l = 10 - 27, -5*l - 7 = 4*q. Let i(a) = a**2 - 2*a - 3. What is i(q)?
12
Let f be ((-20)/(-1 + 3))/(-2). Let c be 1/(-5) - (-16)/f. Let g(o) = o**2 - 6*o + 2. Calculate g(c).
-7
Let a(c) = c**2 + 4*c - 2. Let b be (-4)/(-2)*15/(-6). Give a(b).
3
Let s be (-1 - 0)*(3 + -4). Let f be ((-8)/6)/(8/(-12)). Let i(v) = -6*v**2 + v**2 + 0*v + v**f - v. What is i(s)?
-5
Suppose -5*o + 16 = -9*o. Let a(z) = z**3 + 3*z**2 - 3*z + 5. Give a(o).
1
Let r(h) = 1 + h + 1 + 0 - 1. Let j = -3 + 1. Give r(j).
-1
Let h(l) = l**3 - 4*l**2 - 14*l + 9. Let n be h(6). Let w(k) = -9*k + 4. Give w(n).
31
Let p(c) = -11*c**2 + c + 6. Let k(d) = -d - 3 + 2 + 2*d + 5 - 7*d**2. Let h(s) = 8*k(s) - 5*p(s). Determine h(4).
-2
Let z(u) = -u + 15. Let q be z(12). Let o(n) = -4*n + n - 1 + q*n + 7*n. Let r(p) = p + 9. Let m be r(-8). What is o(m)?
6
Let s(w) = 0*w**2 - 2*w**2 - 5*w**2 - 6*w**2. What is s(-1)?
-13
Let c(p) = 5*p**2 - 3*p - 15. Let h(g) = 3*g**2 - g - 8. Let l(b) = -b**3 + b**2 + b + 4. Let i be l(0). Let t(n) = i*c(n) - 7*h(n). Give t(-3).
2
Let x(v) = v**3 + 3*v**2 - 2*v - 5. Suppose -2*y - 2*u = u + 11, 3*y - 2*u + 10 = 0. What is x(y)?
-13
Let h(b) = -2*b - 5. Let t = 38 - 44. Give h(t).
7
Let x(j) be the third derivative of j**5/12 + 7*j**4/24 + j**3/3 + 3*j**2. Let l(y) = -6*y**2 - 7*y - 2. Let b(c) = 4*l(c) + 5*x(c). Calculate b(-4).
-10
Let a(j) = j**2 + 5*j + 5. Suppose 12 = 4*u - 0*u. Suppose -2*z - 2*g + 26 = 0, 0 = -2*g + u*g - 5. Let t = z - 13. Determine a(t).
5
Let n(k) = k**2 + 12*k - 2. Suppose 2*p + 5*h = -49, h - 37 = p + 6*h. Calculate n(p).
-2
Let t = 3 + -7. Let f(p) = -p**2 - 7*p - 6. Calculate f(t).
6
Let t be (-81)/18 + 1/(-2). Let r(c) = c**2 + 4*c - 3. Calculate r(t).
2
Let j(m) = -m**3 + 3*m**2 - 2*m + 1. Let b(h) = 2*h**2 - 2*h - 1. Let f be b(2). Determine j(f).
-5
Let o(m) be the third derivative of m**4/8 - m**3/6 + 21*m**2. Calculate o(-2).
-7
Let x(b) = b**3 + 7*b**2 + 7*b + 6. Let s(c) = -c - 14. Let p be s(-8). Calculate x(p).
0
Let q(k) = 4*k + 1. Let c be q(3). Suppose -2*u = 5*i - c, -2*i = u + 2*i - 11. Let w(f) = f + 1 + 2*f + 2*f + f. Determine w(u).
-5
Let q be (-4 - -5) + 1*3. Let l(i) = -i**2 + 6*i - 6. Let d be l(4). Let n(c) = 4 + c - 3 - d. Calculate n(q).
3
Suppose -3*b = 5*b - 5*b. Let j(p) = -p**2 + p + 7. Let c(l) = 2*l**2 - 3*l - 14. Let n(s) = -2*c(s) - 5*j(s). Determine n(b).
-7
Let t(o) be the second derivative of o**5/20 + 7*o**4/12 - o**2/2 - 45*o. Determine t(-7).
-1
Let m be (-1 - 2)/((-2)/(-2)). Let f be (m/(-12))/(1/8). Let l(a) = -a**2 + 3*a - 1. Determine l(f).
1
Let m(b) = 7*b + 1. Let j(c) = -8*c - 2. Let h(i) = 3*j(i) + 4*m(i). Give h(2).
6
Let a(w) = -2*w - 5. Let b be a(-5). Suppose 3 = b*f - 2. Let v(s) be the first derivative of 3*s**2/2 + s - 1. Give v(f).
4
Let b(w) be the second derivative of w**4/12 - w**3 + 7*w**2/2 - 4*w. Calculate b(5).
2
Let c(j) be the third derivative of j**4/12 + j**3/6 - 3*j**2. Let u = 1 - -4. Calculate c(u).
11
Let r(m) = m - 12. Let q(c) = -c**2 + 16*c - 8. Let w be q(15). Let b be r(w). Let a(n) = -n - 3. Give a(b).
2
Let f(a) = -3*a**2 + a - 2. Let n(t) = -16*t**2 + 6*t - 11. Let g(u) = 11*f(u) - 2*n(u). Calculate g(-2).
-2
Let l(z) = -z**3 - 4*z**2 - z. Let t(r) = -7*r + 18. Let y be t(3). Give l(y).
-6
Let g(j) be the first derivative of j**3/3 + 3*j**2 + j - 9. Give g(-6).
1
Let p(m) = m**3 + 7*m**2 + 3. Let u be p(-7). Let g(n) = 4 + 2*n**u + 6*n + 1 - n**3 - 4*n**2 - 2*n**3. Calculate g(-5).
0
Suppose 6 = f - 4. Let b be 2/3 + 168/18. Suppose -4*o = -b - f. Let i(x) = -x**2 + 6*x + 2. What is i(o)?
7
Let x(q) = -3*q**3 - 5*q**2 + q - 2. Let i(d) = d**3. Let o(b) = -4*i(b) - x(b). Determine o(5).
-3
Let q(j) = j**2 + 7*j. Let x be q(-7). Let p(m) = -1 + x*m**2 + m + 2*m**2 + 0*m**2. Calculate p(1).
2
Let c be (-2*(2 - 1))/(-2). Let s(d) be the third derivative of 1/40*d**6 - 1/30*d**5 - d**2 + 0 + 1/6*d**3 + 0*d + 0*d**4. Calculate s(c).
2
Suppose 2*o + 16 = 6*o. Let c(s) = s**2 - 4*s + 4. What is c(o)?
4
Let f(r) be the third derivative of 2/3*r**3 + 0*r - 1/24*r**4 + r**2 + 0. Let t = -14 + 17. Determine f(t).
1
Let v(a) = 2*a**2 + 5*a + 3. Let q = -4 - -11. Let s be 2/(-6) + (-62)/(-6). Let p = q - s. Calculate v(p).
6
Let o(n) = -n**2 + 2*n - 3. Let s(v) = v**3 + 6*v**2 - v - 3. Let y be s(-6). Give o(y).
-6
Let p = -4 - -4. Let d(f) = 3*f - 2 - 5*f + p. Let u(h) = 2*h + 10. Let y be u(-7). Determine d(y).
6
Let r be (0/3)/(2 - 1). Let b(y) = y - 2 - y**2 + r*y**2 + 2*y**2. Let o(n) = -n + 5. Let z be o(7). Calculate b(z).
0
Let r(x) = x**3 + 3 + 8*x**2 + 6*x - 12*x**2 + 9*x**2. Let l(t) = -t**2 - t - 4. Let i be l(0). Calculate r(i).
-5
Let u be (-25)/9 - (-42)/(-189). Let d(q) = -9*q - 1. Determine d(u).
26
Let t(s) be the first derivative of -3*s**2/2 + 4*s + 1. Let f(m) = -m. Let a(z) = 2*f(z) - t(z). Determine a(3).
-1
Let o(h) be the first derivative of h**3/3 - 3*h**2 + 5*h + 3. Let c be o(5). Suppose -3*k - 9 = -c. Let r(d) = -d**2 - d. Determine r(k).
-6
Let z(p) = p**2 + 6*p + 5. Let b(o) = o**3 - 3*o**2 - 3*o. Let v be b(4). Suppose 0*s + 24 = -v*s. Calculate z(s).
5
Let z = 4 + -10. Let t = 10 + z. Let b(d) = -2*d**2 + 6*d - 5. Give b(t).
-13
Let z(x) = x**3 - 6*x**2 - 5*x - 1. Let p(a) = 3*a + 55. Let n be p(-16). What is z(n)?
13
Let b(u) = -u**3 - 8*u**2 + 2*u + 3. Let y(w) = w**2. Let k(q) = -b(q) - 6*y(q). Give k(-3).
-6
Suppose 3*d - 4*p = 86, 2*p + 37 = d - p. Suppose -3*l + 3*g + g + d = 0, -4*l + 3*g = -27. Let t(u) = -l + 4*u - u + 4. Calculate t(3).
7
Suppose -2*t = -0*t. Let a(n) = t*n + n + n**2 - 3*n. Let s(y) = 2*y - 6. Let c be s(5). Calculate a(c).
8
Let l(c) = -c**3 - c**2 - c - 11. Let h(x) = 1. Let g(v) = -3*h(v) - l(v). Give g(0).
8
Let f(n) = -7*n + 2*n - 1 + 0*n. Determine f(1).
-6
Let r = -5 - -8. Let y(d) = 5*d - 2*d - 4*d**2 - 4*d - 3 + 0*d - d**r. Determine y(-4).
1
Let t(v) = -v**3 - 3*v**2 + 7*v + 5. Suppose 4*f - 2*d - 14 = -4*d, 3*f + 5*d - 7 = 0. Let p = 0 - f. What is t(p)?
-7
Let d(m) = -m + 10. Let g be d(10). Suppose b = -t - g*b - 2, b = t + 8. Let x(y) = 3*y - y**2 + 4*y - 5*y - 6 + 2*y**2. Determine x(t).
9
Let m(j) = 2*j + 2. Let w(s) = s + 1. Let l(p) = -p**2 - 4*p + 1. Let z be l(-3). Let q(d) = z*m(d) - 7*w(d). What is q(-4)?
-3
Suppose -10 = -7*o - 3. Let j(m) = 6*m**3 - 2*m + 1. Determine j(o).
5
Let x(q) = 2*q - 51 + 53 + 2*q. What is x(-3)?
-10
Let q(d) be the third derivative of -d**9/30240 + d**8/20160 + d**6/360 - d**5/30 + 4*d**2. Let k(o) be the third derivative of q(o). What is k(2)?
-10
Let d(t) be the first derivative of -9*t**2/2 + t - 10. Let u(m) = -8*m. Let g(i) = -5*d(i) + 6*u(i). Give g(-4).
7
Let n(a) = a**2 + 4*a - 2. Suppose 72 = 5*w - 3. Let s be (1 + 12/(-9))*w. Calculate n(s).
3
Let c(h) = h**3 - 10*h**2 - 6*h + 7. Let a(m) = -m**2 - m. Let k(v) = -5*a(v) + c(v). Let x(z) = -z**2 + 6*z - 4. Let g be x(3). What is k(g)?
2
Let b(i) = -2*i - 3*i - 4*i + 13*i. What is b(3)?
12
Let r be (0 - 1)/((-4)/12). Let g(j) = r*j - 3*j - 13 - j. Determine g(-6).
-7
Let x(o) be the third derivative of -o**6/720 + o**5/60 + 11*o**4/24 - 10*o**2. Let u(g) be the second derivative of x(g). What is u(8)?
-6
Suppose 35 = 2*h - d, -2*h + 2*d = h - 55. Let y be (8/5)/(6/h). Let x(s) = -2*s**2 - y*s + s**3 - 3 + 2 + 5*s**2. Determine x(-4).
-1
Let y(d) be the second derivative of -2*d + 0*d**3 + 1/40*d**5 - 1/720*d**6 - 1/4*d**4 + 0 + 0*d**2. Let a(g) be the third derivative of y(g). Calculate a(4).
-1
Let c = 84 + -88. Let w(s) = 2*s**2 + 6*s + 2. Determine w(c).
10
Let h(s) = -41 + 80 - s - 40. Let p = -3 - -6. Give h(p).
-4
Let a = -8 - -3. Let y(h) = -2*h - 5. Calculate y(a).
5
Let t(k) be the second derivative of -k**4/6 + k**3/3 - k. Calculate t(2).
-4
Let d(g) = 5*g + 5*g**2 - 2*g**2 - 8 + 9 - 4*g. Suppose 3*b + 1 = -2. Determine d(b).
3
Let c(v) = -2 + 1 + 0*v**3 + 2 - 3*v**3. Let b be (2 - (-6)/(-2))*1. Determine c(b).
4
Let m(w) = -w**2 - 6*w - 5. Suppose -2*y - 3*